se -30*q + 1033 - 3343 = 0. Let i = q - -185. Calculate the highest common divisor of 81 and i.
27
Suppose -247*l + 16467 - 5043 = 110*l. Let k be 676/12 - (-1)/(-3). What is the greatest common factor of l and k?
8
Let u(v) = 12*v**3 + v**2 + 2*v - 3. Let y be u(1). Let c be 712/y + 26/39. What is the greatest common factor of 100 and c?
20
Let l = -105 - -202. Suppose -7*n = l - 937. Let m = 46 + -16. What is the greatest common divisor of m and n?
30
Suppose 0 = -8*k + 14*k - 48. Suppose -k = 4*p, -3*p + 107 = 5*f + 33. Let r(y) = 4*y + 4. Let d be r(7). What is the highest common divisor of f and d?
16
Suppose 0 = -3*m + 26 + 13. Suppose -22*r = -m - 185. What is the greatest common factor of 477 and r?
9
Suppose 3*k + 2*l = -2*l + 388, 2*k - 297 = 5*l. Let c = -94 + 217. Let i = k - c. Calculate the highest common divisor of 52 and i.
13
Let v = -17892 - -18076. What is the greatest common factor of 759 and v?
23
Suppose 5*q - 18*q + 65 = 0. Let w = 27 - q. What is the highest common divisor of w and 55?
11
Let w(y) = y**2 + 20*y + 84. Let t be w(-13). Let i(b) = -46*b - 113. Let f be i(t). What is the greatest common factor of 38 and f?
19
Let x(q) = 1097*q**2 + 22*q + 36. Let d be x(-4). What is the greatest common factor of d and 140?
140
Suppose -2879 = 194*i - 10639. What is the greatest common factor of i and 10?
10
Suppose -1 = -c - 2. Let y be (0 + c - -86) + 0. Suppose -64104*h + 64066*h + 1292 = 0. What is the highest common divisor of h and y?
17
Let u(g) = g**2 + 5*g - 14. Let c be u(-7). Suppose 22*s - 29*s + 504 = c. Calculate the highest common divisor of s and 6.
6
Let j(m) = -m**3 - 4*m**2 - 11*m - 7. Let i be j(-7). Suppose 17*u - 25*u = 25*u - 231. Calculate the greatest common divisor of i and u.
7
Let s(t) be the second derivative of t**5/20 - 4*t**3/3 - 4*t**2 + 4*t + 11. Let g be s(6). What is the greatest common factor of 32 and g?
32
Let o(a) = 10*a**2 - 25*a - 406. Let u be o(-23). Calculate the highest common factor of 206 and u.
103
Let k = 210 + -111. Let h(o) = -2*o - 136. Let z be h(0). Let n = -103 - z. Calculate the highest common factor of n and k.
33
Let j = -33 - -31. Suppose 6*x = 3*x - 24. Let b be (57/j)/(6/x). Calculate the greatest common divisor of b and 190.
38
Let f = -34 - -485. Suppose -2*z + 152 = -12. Calculate the greatest common divisor of z and f.
41
Suppose -12*r + 471 = 267. What is the highest common divisor of r and 5049?
17
Suppose 64*m - 61*m = 3*s - 2382, -5*s = 3*m - 3978. Calculate the greatest common divisor of 20 and s.
5
Suppose -w - 56 = -3*w. Let g = w - 3. Suppose 27*s = g*s + 82. What is the highest common factor of 287 and s?
41
Let y be 2994/15 + 14/35. What is the highest common factor of y and 10600?
200
Let s(g) = 14*g + 2. Let r be s(2). Suppose -230 - 70 = -30*y. Calculate the greatest common divisor of y and r.
10
Suppose 2*f - 5*x = -10, -717*x + 14 = 2*f - 718*x. Suppose 2*a + 2*a = 3*i + 1163, -a = -5*i - 295. Calculate the highest common divisor of f and a.
10
Suppose -10*k + 16*k = -28*k + 15300. What is the highest common factor of 1620 and k?
90
Suppose -1383 + 1051 = -37*m + 1444. Let c be 1944*(-1)/(9/(-6)). Calculate the highest common divisor of c and m.
48
Let i = 5424 + -2828. What is the highest common factor of 44 and i?
44
Let f be (18 - 16 - -1) + 20 + 1. What is the greatest common factor of 44 and f?
4
Let l = 157 - 79. Suppose -g + 160 + 63 = 0. Suppose 5*w - 37 = g. What is the greatest common factor of w and l?
26
Let r be -1 + (-3)/(-4) - (-34)/8. Suppose r*f - 414 = 198. What is the greatest common divisor of 9 and f?
9
Suppose 97*u = -100*u + 685757. Calculate the greatest common divisor of u and 177.
59
Suppose 0 = 55*h - 3399 + 594. Calculate the highest common divisor of h and 4539.
51
Suppose 9 = 5*a + 4*l - 17, -3*a - 2*l = -14. Suppose -9*h + 8*h + 14 = 0. Suppose -2 = 12*y - h. Calculate the highest common divisor of a and y.
1
Let s = -126 - -270. Let o = s - 53. What is the highest common factor of 14 and o?
7
Suppose 218 = -7*c + 316. What is the highest common divisor of c and 224?
14
Suppose 27370 = -2359*s + 2382*s. Calculate the greatest common divisor of s and 1360.
170
Suppose 68926 = -40*l + 74886. What is the greatest common divisor of l and 745?
149
Suppose -3*v + 8*v - 92 = 3*o, 2*v - 5*o - 52 = 0. Let m(b) = 13*b + 2*b**2 + v + 14*b + 0*b. Let k be m(-13). What is the highest common factor of 9 and k?
3
Let m be -294*((500/15)/(-10) + (-9)/54). What is the highest common divisor of m and 42?
21
Let m(g) = 19*g - 402. Let y be m(23). What is the highest common divisor of y and 55?
5
Let s be -2 + 1/(-2)*-16. Let v be (-4)/(s/(-27)*6). Let p be 6/v + 6 + 5. What is the greatest common divisor of 91 and p?
13
Let v be ((-94)/5)/(6/(-15) - 0). Let g be (80/(-12))/((-2)/(-6)). Let j = g - -537. Calculate the highest common factor of j and v.
47
Suppose -250*z + 105*z = 282*z - 2989. Calculate the highest common factor of 6475 and z.
7
Let c(v) = 16*v - 64. Let p be c(6). Suppose p*s - a = 35*s - 706, 0 = -2*s + a + 464. Calculate the greatest common factor of s and 18.
18
Let i be (34/(-4))/(4/32). Let o = i - -100. Let m = 106 + -102. Calculate the highest common divisor of m and o.
4
Let c(f) = 24 + 30*f - 54 + 46. Let l be c(-4). Let v be ((-1196)/l)/(-2*2/(-8)). Calculate the highest common divisor of v and 23.
23
Let j be 6/8 - (-35)/28. Suppose -2 + 34 = j*u. What is the highest common factor of u and 24?
8
Suppose 5*d + 4*k = 196, -4*k = 3*d + k - 115. What is the greatest common divisor of d and 64?
8
Let p(n) = n + 16. Let h be p(-4). Let a be 62/h*2*3. Calculate the greatest common factor of 62 and a.
31
Suppose 5*x + 20 = -10. Let p be 32/x*1575/(-100). Calculate the greatest common factor of p and 36.
12
Suppose 4*n = 3*p + 2297 + 6652, 5*n - p - 11211 = 0. Calculate the greatest common factor of n and 341.
11
Let w be 18/(-387) + (-44172)/(-1161). Let m be 4/10 - 4176/(-10). What is the highest common divisor of m and w?
38
Let j be 24/32*3040/30. What is the highest common divisor of j and 21926?
38
Let f be 9/(-15)*(8 + 2). Let k be (2852/f)/(6/(-9)) - 3. Calculate the highest common factor of k and 10.
10
Suppose 9*z - 194300 = -72*z + 14*z. What is the highest common divisor of z and 250?
50
Let n = 1118 + -1092. What is the greatest common divisor of 19357 and n?
13
Suppose 0 = -4*j - 7*j - 3575. Let x = 373 + j. What is the highest common factor of 12 and x?
12
Let k(t) = t**3 - 11*t**2 + 13*t - 18. Let g be k(10). Suppose 72 + 35 = z - f, -g = 4*f. What is the greatest common factor of z and 26?
26
Let h(u) = -4*u**3 - u**2 - 3. Let c be h(-3). Let l = -125 - -161. Suppose s = 2*y, -3*s = -0*y + 3*y - l. What is the greatest common divisor of c and s?
8
Let c be 106 + ((-9)/(-18)*-8 - (-2 - 1)). What is the greatest common factor of 1095 and c?
15
Let k(j) = 7*j + 69. Let y be k(-12). Let x(n) = 2*n**3 + 31*n**2 + 16*n + 45. Let b be x(y). What is the greatest common factor of 24 and b?
6
Let y be (-72)/45*11005/(-4). Calculate the greatest common factor of 568 and y.
142
Suppose -42511 + 10906 = -49*g. What is the greatest common factor of g and 45?
15
Let c = 11 + -6. Suppose -c*y - 216 = -14*y. What is the greatest common factor of 24 and y?
24
Let i(s) = 1704*s - 2776. Let g be i(3). Calculate the highest common divisor of g and 352.
32
Let u be 16/(-4) + 0 + 6 - 0. Suppose 2*g - 274 = -u*q, 5*g + 655 = 3*q + 2*q. What is the highest common factor of q and 201?
67
Let b = -23588 + 23948. What is the greatest common divisor of 288 and b?
72
Let p be (-605)/(-20) - 1/4. Suppose o + t - 11 = 0, -5*o - 32*t + 91 = -31*t. What is the greatest common factor of p and o?
10
Let t be 7/98*0 - (-536 - -2). Calculate the greatest common divisor of 18 and t.
6
Let l(d) = d**2 - 132*d + 2069. Let h be l(18). Calculate the highest common divisor of 1 and h.
1
Let u be (0 + 6)*(-3)/2. Let t = u - -33. Suppose -12*c = -11*c - 4, 0 = -4*l + c + 44. What is the greatest common factor of t and l?
12
Let s = -69 - -74. Suppose 93 = 4*o + 5*k, 2*k - 144 = -s*o + 5*k. Suppose 0 = 2*g + o - 77. Calculate the highest common divisor of g and 5.
5
Let f = 15157 + -2597. What is the greatest common divisor of 40 and f?
40
